- 6, r - 15 = -c. Let i(s) = -2*s - 12. Let j be i(-13). Calculate the highest common divisor of j and r.
14
Suppose 3*l + 5*o - 1045 = 0, -834 - 563 = -4*l - 3*o. Calculate the greatest common divisor of l and 210.
70
Let p(b) = 3*b**2 - 3*b + 16. Suppose 15*w = 20*w + 35. Let t be p(w). Calculate the greatest common divisor of 23 and t.
23
Suppose -5*g - 5*i + 8 = 3, -3*i = 4*g - 3. Suppose g = -5*o + 36 + 34. Let j = 40 - 12. What is the greatest common divisor of o and j?
14
Let w = -3 - -18. Let a = -52 - -65. Suppose 16*q = a*q + 9. What is the highest common divisor of w and q?
3
Suppose 4*b = 3*h + 2*h - 7, 0 = -5*b + 4*h - 2. Let u = 65 + -68. Let g = 6 + u. What is the highest common factor of g and b?
1
Let a(g) = 2*g + 1. Suppose -6*f + 17 = -13. Let j be a(f). Suppose 0 = 2*v - r - 48 - j, 0 = 5*v + 5*r - 110. Calculate the highest common divisor of v and 3.
3
Suppose 3 + 4 = 7*p. Let h be -1*9*1*p/(-1). Calculate the greatest common factor of h and 1.
1
Suppose 3*c + 3*d = 54, d = -4*c + 9*c - 102. Calculate the highest common factor of c and 2.
2
Let g(b) = -5*b**3 + 2*b**2 + 2*b + 14. Let l be g(-7). Calculate the highest common divisor of 49 and l.
49
Suppose -2*x = w + 16 + 10, 4*w - 8 = 0. Let p(q) = -q**3 - 15*q**2 - 16*q + 6. Let m be p(x). What is the highest common divisor of 102 and m?
34
Let t = -120 + 280. Calculate the greatest common divisor of t and 5.
5
Suppose -f - 400 = -5*x, -21*f + 22*f = 0. Calculate the highest common factor of 32 and x.
16
Suppose -2*l = -l - 12. Suppose l = 3*g + g. Suppose -5*u - b = g*b + 10, -3*b - 15 = 0. What is the greatest common factor of u and 18?
2
Let q = -41 + 116. Suppose -21 = -4*v + q. What is the highest common factor of v and 264?
24
Suppose 5*b - 93 = -18. Let o be (b/4)/(1/(-4)). Let c = o + 22. What is the highest common factor of c and 35?
7
Let h(f) = 6*f**3 - 13*f - 3 - 3 - f**3 + 9*f**2 - 4*f**3. Let z be h(-10). Calculate the highest common divisor of 48 and z.
24
Suppose 24*k - 29*k + 3*g + 812 = 0, -4*k + 620 = 5*g. Calculate the greatest common divisor of k and 12.
4
Let q = 66 + -40. Let d(h) = 38*h**2 - 2*h + 3. Suppose 4*t + 5*m - 24 = 0, 2*m = -4*t + 13 - 1. Let v be d(t). What is the highest common factor of q and v?
13
Let k(j) = j**3 - 16*j**2 - 22*j - 31. Let s be k(18). Calculate the highest common divisor of 26 and s.
13
Suppose 2*z + 0 = -10. Let a be z*(3 + -4 - -2). Let m(s) = s**3 + 8*s**2 + 5*s - 2. Let o be m(a). What is the highest common divisor of o and 16?
16
Let i(y) be the second derivative of y**4/3 + y**3/6 - 2*y**2 - 44*y. Let s be i(4). What is the greatest common divisor of 48 and s?
16
Let p(q) = q**3 + 43*q**2 + 82*q + 4. Let s be p(-41). Calculate the highest common factor of 104 and s.
4
Suppose 4*z = -4*o + 35 + 85, 4*o - 85 = -3*z. What is the highest common factor of z and 980?
35
Let k(y) = 3*y - 17. Let o be k(7). Suppose -3*a - 2 = o*z, 2*z + a = -2*z - 6. Let w = z - -11. Calculate the highest common factor of 72 and w.
9
Suppose -2*k + 16 = 42. Let m(u) = u**3 + 14*u**2 + 14*u + 16. Let z be m(k). What is the greatest common factor of 33 and z?
3
Let j(z) = 59*z**3 - 3*z**2 - 5*z + 12. Let l be j(2). Calculate the greatest common divisor of 84 and l.
42
Suppose 2*l - 128 = -4*c + 282, 2 = 2*l. What is the highest common factor of c and 255?
51
Let r be 2/(-3) + 329/21. Calculate the greatest common factor of 35 and r.
5
Let m = 7 + -7. Suppose -3*b - 4*x + 26 = 0, -2*b + m*x = 5*x - 29. Suppose 2*s - 4 = 0, 2*p - b*s = s. Calculate the highest common divisor of p and 3.
3
Let h be (-5)/(6 + 23384/(-3896)). What is the highest common factor of 5 and h?
5
Suppose 7 + 11 = 2*z. Suppose -130 = -2*q + 2*i, -2 = 4*i - 3*i. Calculate the highest common factor of z and q.
9
Let l = -8 - -203. Calculate the greatest common factor of 15 and l.
15
Let o(i) = -i**2 - i + 6. Let n be o(0). Let q = n - 31. Let w = q - -54. Calculate the highest common divisor of 29 and w.
29
Let m be (-1)/(20/8 + -3). Let x be m*56/(-6)*-3. Calculate the greatest common divisor of 8 and x.
8
Let i be 1068/66 + 2/(-11). Suppose -p = p - i. Suppose -6*x + 8*x = 16. What is the greatest common divisor of p and x?
8
Suppose 0 = -12*f + 10*f + 168. Let w be (-2)/((-24)/(-21))*-2*6. What is the highest common factor of f and w?
21
Let y(b) = -3*b**2 - 13*b + 16. Let k be y(-5). What is the greatest common factor of 21 and k?
3
Let s(n) = -n**3 - 8*n**2 + n - 7. Let f be s(-4). Let q be f*(-1 + 0) + -3. What is the highest common factor of q and 9?
9
Suppose -60 = -3*a - 3*f, 56 = 2*a - 5*f + 30. Calculate the greatest common factor of 12 and a.
6
Let x = 57 - -133. What is the highest common divisor of x and 50?
10
Let s(y) = 7*y. Let n(l) = -15*l - 1. Let j(q) = -6*n(q) - 13*s(q). Let i be j(0). Let f = 21057 - 21048. What is the greatest common divisor of i and f?
3
Suppose 7 = -g + 30. Let k = -11 + g. Let r = 19 - -65. What is the greatest common factor of r and k?
12
Let f be (-8)/(-3)*135/12. Suppose -4*v = 5*m + f, 2*v = -v - 15. Let d be m*48*(-5)/10. Calculate the greatest common divisor of d and 6.
6
Suppose -5*w - 8*d + 4*d = -34, -3*d = 5*w - 33. Suppose -5*r - w = 4. Let s be ((-6)/18)/(r/6). Calculate the greatest common factor of 5 and s.
1
Let q be 5 - 98/(-28)*2. Calculate the greatest common divisor of q and 92.
4
Suppose 6*u = 9*u. Suppose u = 15*y - 11*y - 144. Calculate the greatest common factor of 24 and y.
12
Suppose 0 = -2*q + g + 13 - 3, 4*g + 10 = 3*q. Suppose q*p - 2*p = 96. Suppose -53 + 5 = -8*v. What is the highest common divisor of v and p?
6
Suppose -3*x - 4*l = -51, 2*x - 10 = 4*l + 24. What is the highest common factor of 391 and x?
17
Suppose u = 3*i - 5, 5*i = 3*u + 2*i - 3. Suppose 2*m - 1 = 3*m + v, -3*m - u*v - 5 = 0. What is the greatest common divisor of m and 2?
1
Let y = 1 - -10. Suppose 0 = 23*j - 68*j + 3465. What is the highest common divisor of j and y?
11
Suppose -2*m - 14 = 3*i, 0*i - 2*i = -m - 14. Let z = 18 - m. Suppose -h = 3*h + 3*p - z, -5*p - 35 = -5*h. What is the greatest common factor of h and 49?
7
Let u = 363 + -227. What is the highest common divisor of u and 85?
17
Suppose -8*g = -40 + 8. Calculate the greatest common factor of 76 and g.
4
Suppose 2*i = 38 + 24. Let p = 51 - i. Calculate the greatest common factor of p and 8.
4
Suppose -2*v - 54 = 3*g, 5*v - 4*g = 2*v - 81. Let u = v - -15. Let l = -3 - u. Calculate the greatest common factor of l and 6.
3
Let y = 18 + -13. Let d = 7 - y. Let o(g) = -g**3 + 11*g**2 - 8*g - 14. Let f be o(10). What is the greatest common divisor of f and d?
2
Suppose 5*h - 8 = -2*k + 21, 3*h = 4*k + 33. Calculate the highest common factor of 217 and h.
7
Let z(r) = -14*r + 8. Let s be z(3). Let y = 37 + s. Suppose -2 = -y*q + 4. Calculate the greatest common divisor of q and 5.
1
Let q be (-62)/(-8) + 24/(-32). Let b be (1 + q)*(-2 + 3). Calculate the greatest common divisor of b and 56.
8
Let w = 12 + 27. Suppose 4*v = -4*r + 7*v + 3, 5*r + v = 18. Calculate the highest common factor of w and r.
3
Let a = -210 + 406. Let h be (-62)/93 + a/6. Calculate the greatest common factor of 8 and h.
8
Suppose 0 = -4*r + r + 51. Let y be (12/22)/3 + 1866/22. Calculate the highest common divisor of y and r.
17
Let x = 117 - 103. What is the greatest common divisor of x and 91?
7
Let j be 333 - (-40)/(15/3). What is the greatest common factor of 55 and j?
11
Let j(m) be the third derivative of -m**6/120 + m**5/12 - m**4/8 + 2*m**3/3 - 3*m**2. Let g be j(4). Calculate the highest common factor of 16 and g.
8
Let b(y) = -y**2 + 12*y - 11. Let c(u) = -u**2 + 17*u + 47. Let x be c(19). Let f be b(x). Calculate the highest common divisor of 40 and f.
8
Let t be (-2)/(-4) + -7 + (-300)/(-8). What is the highest common divisor of t and 279?
31
Let x be 0/(2*(-2)/4). Suppose -n + 1 + 15 = x. Let b(u) = u**2 - 32*u - 181. Let w be b(37). What is the highest common divisor of w and n?
4
Let k(b) = -4*b**3 - 10*b**2 + b + 2. Let t(u) = 2*u**2 + 24*u - 3. Let x be t(-12). Let m be k(x). Calculate the greatest common factor of m and 17.
17
Let c(q) = -3*q**2 + 64*q + 50. Let j be c(22). Calculate the greatest common factor of 42 and j.
6
Suppose 0 = 27*x + 285 - 1095. Calculate the gr